{"id":12,"date":"2026-01-15T20:34:35","date_gmt":"2026-01-15T19:34:35","guid":{"rendered":"https:\/\/conseils-solutions-habitat.fr\/?page_id=12"},"modified":"2026-01-15T22:08:10","modified_gmt":"2026-01-15T21:08:10","slug":"demande-detude-gratuite","status":"publish","type":"page","link":"https:\/\/conseils-solutions-habitat.fr\/","title":{"rendered":"Demande d\u2019\u00e9tude gratuite"},"content":{"rendered":"\n<figure class=\"wp-block-image size-large\"><img loading=\"lazy\" decoding=\"async\" width=\"1024\" height=\"683\" src=\"http:\/\/conseils-solutions-habitat.fr\/wp-content\/uploads\/2026\/01\/Couve-1024x683.png\" alt=\"\" class=\"wp-image-13\" srcset=\"https:\/\/conseils-solutions-habitat.fr\/wp-content\/uploads\/2026\/01\/Couve-1024x683.png 1024w, https:\/\/conseils-solutions-habitat.fr\/wp-content\/uploads\/2026\/01\/Couve-300x200.png 300w, https:\/\/conseils-solutions-habitat.fr\/wp-content\/uploads\/2026\/01\/Couve-768x512.png 768w, https:\/\/conseils-solutions-habitat.fr\/wp-content\/uploads\/2026\/01\/Couve.png 1536w\" sizes=\"auto, (max-width: 1024px) 100vw, 1024px\" \/><\/figure>\n\n\n\n<p class=\"has-text-align-center\">Accompagnement des propri\u00e9taires dans leurs projets de r\u00e9novation \u00e9nerg\u00e9tique et d\u2019am\u00e9lioration de l\u2019habitat.<br>Panneaux photovolta\u00efques avec batterie, pompe \u00e0 chaleur, ballon solaire, isolation, confort de l\u2019habitat.<br>\u00c9tude gratuite et sans engagement.<\/p>\n\n\n\n<div class=\"wpcf7 no-js\" id=\"wpcf7-f15-o1\" lang=\"fr-FR\" dir=\"ltr\" data-wpcf7-id=\"15\">\n<div class=\"screen-reader-response\"><p role=\"status\" aria-live=\"polite\" aria-atomic=\"true\"><\/p> <ul><\/ul><\/div>\n<form action=\"\/index.php\/wp-json\/wp\/v2\/pages\/12#wpcf7-f15-o1\" method=\"post\" class=\"wpcf7-form init\" aria-label=\"Formulaire de contact\" novalidate=\"novalidate\" data-status=\"init\">\n<fieldset class=\"hidden-fields-container\"><input type=\"hidden\" name=\"_wpcf7\" value=\"15\" \/><input type=\"hidden\" name=\"_wpcf7_version\" value=\"6.1.4\" \/><input type=\"hidden\" name=\"_wpcf7_locale\" value=\"fr_FR\" \/><input type=\"hidden\" name=\"_wpcf7_unit_tag\" value=\"wpcf7-f15-o1\" \/><input type=\"hidden\" name=\"_wpcf7_container_post\" value=\"0\" \/><input type=\"hidden\" name=\"_wpcf7_posted_data_hash\" value=\"\" \/>\n<\/fieldset>\n<p><br \/>\n<label>Nom et pr\u00e9nom *<\/label>\n<\/p>\n<p><span class=\"wpcf7-form-control-wrap\" data-name=\"your-name\"><input size=\"40\" maxlength=\"400\" class=\"wpcf7-form-control wpcf7-text wpcf7-validates-as-required\" aria-required=\"true\" aria-invalid=\"false\" placeholder=\"Ex : Jean Dupont\" value=\"\" type=\"text\" name=\"your-name\" \/><\/span>\n<\/p>\n<p><br \/>\n<label>T\u00e9l\u00e9phone *<\/label>\n<\/p>\n<p><span class=\"wpcf7-form-control-wrap\" data-name=\"your-phone\"><input size=\"40\" maxlength=\"400\" class=\"wpcf7-form-control wpcf7-tel wpcf7-validates-as-required wpcf7-text wpcf7-validates-as-tel\" aria-required=\"true\" aria-invalid=\"false\" placeholder=\"Ex : 06 12 34 56 78\" value=\"\" type=\"tel\" name=\"your-phone\" \/><\/span>\n<\/p>\n<p><br \/>\n<label>Code postal *<\/label>\n<\/p>\n<p><span class=\"wpcf7-form-control-wrap\" data-name=\"your-postcode\"><input size=\"40\" maxlength=\"400\" class=\"wpcf7-form-control wpcf7-text wpcf7-validates-as-required\" aria-required=\"true\" aria-invalid=\"false\" placeholder=\"Ex : 75000\" value=\"\" type=\"text\" name=\"your-postcode\" \/><\/span>\n<\/p>\n<p><br \/>\n<label>\u00cates-vous propri\u00e9taire de votre logement ? *<\/label>\n<\/p>\n<p><span class=\"wpcf7-form-control-wrap\" data-name=\"owner\"><span class=\"wpcf7-form-control wpcf7-radio\"><span class=\"wpcf7-list-item first\"><label><input type=\"radio\" name=\"owner\" value=\"Oui\" \/><span class=\"wpcf7-list-item-label\">Oui<\/span><\/label><\/span><span class=\"wpcf7-list-item last\"><label><input type=\"radio\" name=\"owner\" value=\"Non\" \/><span class=\"wpcf7-list-item-label\">Non<\/span><\/label><\/span><\/span><\/span>\n<\/p>\n<p><br \/>\n<label>Date d\u2019achat de votre bien immobilier<\/label>\n<\/p>\n<p><span class=\"wpcf7-form-control-wrap\" data-name=\"your-purchase-date\"><input size=\"40\" maxlength=\"400\" class=\"wpcf7-form-control wpcf7-text\" aria-invalid=\"false\" placeholder=\"Ex : 2015\" value=\"\" type=\"text\" name=\"your-purchase-date\" \/><\/span>\n<\/p>\n<p><br \/>\n<input class=\"wpcf7-form-control wpcf7-submit has-spinner\" type=\"submit\" value=\"Envoyer ma demande d\u2019\u00e9tude gratuite\" \/>\n<\/p>\n<p class=\"rgpd\"><br \/>\nEn soumettant ce formulaire, vous acceptez que les informations saisies soient utilis\u00e9es exclusivement dans le cadre de votre demande et de la relation commerciale qui peut en d\u00e9couler.\n<\/p><div class=\"wpcf7-response-output\" aria-hidden=\"true\"><\/div>\n<\/form>\n<\/div>\n\n","protected":false},"excerpt":{"rendered":"<p>Accompagnement des propri\u00e9taires dans leurs projets de r\u00e9novation \u00e9nerg\u00e9tique et d\u2019am\u00e9lioration de l\u2019habitat.Panneaux photovolta\u00efques avec batterie, pompe \u00e0 chaleur, ballon solaire, isolation, confort de l\u2019habitat.\u00c9tude gratuite et sans engagement.<\/p>\n","protected":false},"author":1,"featured_media":0,"parent":0,"menu_order":0,"comment_status":"closed","ping_status":"closed","template":"","meta":{"footnotes":""},"class_list":["post-12","page","type-page","status-publish","hentry"],"_links":{"self":[{"href":"https:\/\/conseils-solutions-habitat.fr\/index.php\/wp-json\/wp\/v2\/pages\/12","targetHints":{"allow":["GET"]}}],"collection":[{"href":"https:\/\/conseils-solutions-habitat.fr\/index.php\/wp-json\/wp\/v2\/pages"}],"about":[{"href":"https:\/\/conseils-solutions-habitat.fr\/index.php\/wp-json\/wp\/v2\/types\/page"}],"author":[{"embeddable":true,"href":"https:\/\/conseils-solutions-habitat.fr\/index.php\/wp-json\/wp\/v2\/users\/1"}],"replies":[{"embeddable":true,"href":"https:\/\/conseils-solutions-habitat.fr\/index.php\/wp-json\/wp\/v2\/comments?post=12"}],"version-history":[{"count":9,"href":"https:\/\/conseils-solutions-habitat.fr\/index.php\/wp-json\/wp\/v2\/pages\/12\/revisions"}],"predecessor-version":[{"id":29,"href":"https:\/\/conseils-solutions-habitat.fr\/index.php\/wp-json\/wp\/v2\/pages\/12\/revisions\/29"}],"wp:attachment":[{"href":"https:\/\/conseils-solutions-habitat.fr\/index.php\/wp-json\/wp\/v2\/media?parent=12"}],"curies":[{"name":"wp","href":"https:\/\/api.w.org\/{rel}","templated":true}]}}